 divisor of 158 and 108230.
158
Calculate the greatest common divisor of 8 and 6707432.
8
What is the greatest common divisor of 120 and 12951960?
120
Calculate the greatest common factor of 1421503 and 206.
103
Calculate the greatest common factor of 1992 and 2028.
12
What is the greatest common factor of 43 and 2179?
1
What is the greatest common factor of 1599 and 4693?
13
What is the highest common divisor of 255 and 17610810?
255
Calculate the greatest common factor of 140 and 1095724.
28
What is the highest common divisor of 608 and 8672?
32
What is the greatest common divisor of 4 and 181924?
4
Calculate the greatest common factor of 116242 and 966.
322
Calculate the highest common factor of 25866 and 12.
6
Calculate the highest common divisor of 56420 and 36582.
182
Calculate the greatest common divisor of 217 and 5983.
31
Calculate the highest common factor of 254919 and 3.
3
What is the greatest common factor of 224 and 40880?
112
Calculate the highest common factor of 10 and 18670.
10
Calculate the highest common factor of 457 and 2.
1
What is the highest common factor of 78114 and 3102?
282
Calculate the greatest common factor of 27153 and 63.
63
What is the greatest common factor of 33456 and 71791?
697
Calculate the highest common divisor of 3184 and 1264.
16
What is the highest common divisor of 40 and 172960?
40
What is the highest common factor of 86 and 97094?
86
What is the highest common factor of 6 and 15926?
2
What is the greatest common divisor of 384 and 143248?
16
What is the greatest common factor of 362 and 906086?
362
Calculate the highest common factor of 95 and 27968.
19
Calculate the greatest common divisor of 551296 and 146.
146
Calculate the greatest common divisor of 168 and 99561.
21
What is the highest common factor of 41072 and 38505?
2567
Calculate the greatest common factor of 390 and 1310.
10
What is the greatest common divisor of 212 and 512?
4
Calculate the greatest common divisor of 116 and 34423.
29
What is the greatest common divisor of 49 and 11795?
7
Calculate the highest common factor of 9 and 16407.
9
What is the highest common divisor of 5 and 42565?
5
Calculate the greatest common divisor of 3144 and 132572.
524
Calculate the greatest common factor of 52 and 38272.
52
What is the greatest common divisor of 6847 and 46927?
167
Calculate the greatest common divisor of 288 and 109566.
18
What is the greatest common factor of 15292214 and 4556?
2278
Calculate the greatest common divisor of 1496 and 55792.
88
Calculate the highest common divisor of 8862 and 1176114.
1266
What is the highest common factor of 11 and 329?
1
What is the highest common divisor of 508 and 1020318?
254
What is the greatest common divisor of 2079 and 10773?
189
What is the highest common divisor of 14023 and 1813?
37
What is the highest common divisor of 3636 and 5144031?
909
Calculate the highest common divisor of 32331 and 351.
39
Calculate the greatest common factor of 269 and 55.
1
What is the greatest common divisor of 64668 and 408?
204
What is the greatest common factor of 801 and 6741?
9
Calculate the greatest common divisor of 680 and 47560.
40
Calculate the greatest common divisor of 1024475 and 5375.
1075
What is the highest common divisor of 128125 and 775?
25
What is the greatest common factor of 247093 and 77?
77
What is the highest common factor of 210 and 284235?
105
Calculate the greatest common factor of 348 and 732.
12
Calculate the highest common divisor of 70 and 84805.
35
What is the highest common factor of 73680 and 240?
240
What is the highest common divisor of 1665 and 30120?
15
Calculate the highest common factor of 2495 and 305.
5
Calculate the greatest common factor of 344 and 37969.
43
Calculate the greatest common divisor of 6 and 3106.
2
What is the greatest common divisor of 7073 and 352?
11
What is the highest common factor of 3211 and 5603?
13
Calculate the greatest common factor of 11914 and 30590.
322
What is the greatest common divisor of 16094 and 182?
26
Calculate the highest common divisor of 372 and 3910278.
186
What is the highest common divisor of 26 and 271336?
26
What is the greatest common divisor of 225900 and 400?
100
Calculate the greatest common divisor of 184 and 1408.
8
What is the greatest common divisor of 7 and 6776?
7
Calculate the greatest common divisor of 12 and 9760692.
12
Calculate the highest common divisor of 279 and 10863.
9
What is the highest common factor of 24 and 5004444?
12
Calculate the highest common divisor of 437442 and 30.
6
What is the highest common factor of 307 and 395723?
307
Calculate the highest common factor of 1721828 and 204.
68
Calculate the highest common divisor of 26770 and 225.
5
Calculate the greatest common factor of 267 and 280083.
267
Calculate the greatest common divisor of 3304 and 11312.
56
Calculate the highest common divisor of 6416536 and 6258.
2086
Calculate the highest common divisor of 28534 and 22.
22
What is the greatest common divisor of 1793 and 704?
11
What is the greatest common divisor of 315890 and 620?
310
What is the highest common divisor of 16536 and 74880?
312
What is the highest common divisor of 4122 and 594?
18
What is the greatest common divisor of 770054 and 2?
2
Calculate the highest common factor of 2296 and 2952.
328
What is the highest common divisor of 22 and 12?
2
Calculate the highest common factor of 10 and 75370.
10
Calculate the greatest common factor of 49 and 1581916.
49
What is the greatest common factor of 4 and 10928?
4
What is the highest common factor of 171 and 5436?
9
What is the greatest common divisor of 864 and 8532?
108
Calculate the highest common divisor of 53184 and 60.
12
What is the highest common factor of 1562 and 1189392?
142
Calculate the highest common factor of 5767 and 6557.
79
Calculate the greatest common factor of 25215 and 435.
15
What is the highest common divisor of 506 and 1647950?
46
What is the greatest common factor of 214 and 482249?
107
Calculate the highest common factor of 11900 and 22400.
700
Calculate the greatest common factor of 77703 and 13747.
59
What is the highest common factor of 189 and 56106?
27
Calculate the greatest common factor of 75968 and 3776.
64
Calculate the highest common divisor of 16555 and 13090.
385
Calculate the greatest common factor of 47291 and 15458.
131
Calculate the greatest common divisor of 24927 and 6.
3
What is the highest common divisor of 2035 and 225145?
185
What is the greatest common divisor of 128 and 118240?
32
Calculate the highest common factor of 89212 and 100.
4
What is the highest common factor of 174336 and 2496?
192
What is the greatest common divisor of 6 and 1231437?
3
Calculate the highest common factor of 204 and 491368.
68
Calculate the greatest common divisor of 232250 and 26941.
929
Calculate the greatest common factor of 865 and 245.
5
What is the highest common factor of 14406 and 273?
21
What is the highest common divisor of 938 and 8710?
134
Calculate the greatest common divisor of 117 and 321009.
39
Calculate the greatest common factor of 7504965 and 1170.
585
What is the greatest common divisor of 2615 and 1130?
5
What is the highest common factor of 1722 and 5082?
42
Calculate the highest common divisor of 5162741 and 23.
23
Calculate the highest common factor of 40 and 12872.
8
What is the greatest common divisor of 68125 and 20165?
545
Calculate the greatest common factor of 52097 and 8201.
59
What is the highest common divisor of 55 and 9414295?
55
Calculate the greatest common divisor of 2718800 and 20.
20
What is the highest common factor of 3681 and 657?
9
What is the greatest common divisor of 1131 and 691911?
87
What is the greatest common divisor of 21 and 1230348?
21
What is the greatest common factor of 800 and 45650?
50
Calculate the greatest common divisor of 1072904 and 98.
98
Calculate the greatest common factor of 30178 and 46294.
158
What is the greatest common divisor of 10080 and 5920?
160
What is the greatest common divisor of 2704 and 512?
16
What is the highest common divisor of 216 and 15741?
27
What is the greatest common factor of 689673 and 51?
51
What is the greatest common factor of 6028575 and 525?
525
What is the highest common factor of 418301 and 5083?
299